 2332937121.
3, 777645707
What are the prime factors of 1371256783?
13, 105481291
What are the prime factors of 485016197?
53, 277, 33037
What are the prime factors of 38548621?
23, 1676027
List the prime factors of 297283523.
297283523
List the prime factors of 57707133.
3, 11, 59, 107, 277
List the prime factors of 3101376278.
2, 7, 11, 13, 1549139
List the prime factors of 168146161.
103, 1632487
List the prime factors of 27574882.
2, 29, 475429
List the prime factors of 805079286.
2, 3, 11, 19, 214003
List the prime factors of 1275484636.
2, 17, 433, 43319
List the prime factors of 223427898.
2, 3, 12412661
What are the prime factors of 58193807?
7, 29, 89, 3221
What are the prime factors of 454146686?
2, 7, 1609, 20161
List the prime factors of 2267569037.
4937, 459301
What are the prime factors of 83687272?
2, 29, 137, 2633
List the prime factors of 95675804.
2, 7, 3416993
What are the prime factors of 5004629178?
2, 3, 834104863
What are the prime factors of 23276511?
3, 811, 1063
List the prime factors of 68608528.
2, 271, 15823
What are the prime factors of 143348488?
2, 17, 1054033
What are the prime factors of 4461377028?
2, 3, 31, 2089, 5741
What are the prime factors of 197015699?
71, 2774869
List the prime factors of 17224195.
5, 317, 10867
What are the prime factors of 2138053432?
2, 19, 14066141
What are the prime factors of 451634295?
3, 5, 7, 4301279
List the prime factors of 6152168922.
2, 3, 31, 33076177
List the prime factors of 4986840331.
11, 53, 8553757
List the prime factors of 54014615.
5, 10802923
List the prime factors of 35858842.
2, 653, 27457
What are the prime factors of 518029857?
3, 19186291
List the prime factors of 155355488.
2, 2039, 2381
What are the prime factors of 250047677?
11, 22731607
What are the prime factors of 210809873?
210809873
What are the prime factors of 488322682?
2, 244161341
What are the prime factors of 794889233?
71, 1487, 7529
What are the prime factors of 115499963?
977, 118219
List the prime factors of 31525614.
2, 3, 1181, 1483
What are the prime factors of 244997112?
2, 3, 10208213
What are the prime factors of 108786694?
2, 41, 67, 19801
List the prime factors of 76356473.
41, 113, 16481
What are the prime factors of 583209572?
2, 11, 31, 59, 7247
What are the prime factors of 9422332?
2, 29, 43, 1889
What are the prime factors of 67760255?
5, 2633, 5147
What are the prime factors of 5920896694?
2, 2960448347
What are the prime factors of 1694605440?
2, 3, 5, 11, 19, 41, 103
List the prime factors of 116873958.
2, 3, 19478993
What are the prime factors of 2313849834?
2, 3, 37, 97, 11939
What are the prime factors of 2527756837?
563, 4489799
List the prime factors of 10238982.
2, 3, 13, 149, 881
List the prime factors of 536017686.
2, 3, 79, 151, 7489
List the prime factors of 90412915.
5, 18082583
What are the prime factors of 50364008?
2, 43, 146407
What are the prime factors of 2100337247?
2100337247
What are the prime factors of 80741489?
157, 514277
List the prime factors of 123131413.
83, 233, 6367
List the prime factors of 47914343.
3797, 12619
List the prime factors of 54981862.
2, 13, 61, 34667
List the prime factors of 6779541.
3, 2259847
List the prime factors of 64324242.
2, 3, 73, 48953
What are the prime factors of 655407052?
2, 17, 19, 26699
List the prime factors of 633306819.
3, 61, 3460693
List the prime factors of 651913714.
2, 325956857
List the prime factors of 27921675.
3, 5, 372289
List the prime factors of 7721731.
137, 157, 359
List the prime factors of 8627434160.
2, 5, 107842927
What are the prime factors of 503038364?
2, 17, 31, 127, 1879
List the prime factors of 54240036.
2, 3, 4520003
List the prime factors of 4486953850.
2, 5, 23, 1301, 2999
List the prime factors of 129033730.
2, 5, 7, 331, 5569
List the prime factors of 129901869.
3, 557, 25913
List the prime factors of 261366294.
2, 3, 7, 889001
List the prime factors of 45906382.
2, 1759, 13049
List the prime factors of 749040340.
2, 5, 239, 156703
List the prime factors of 4275906914.
2, 29, 73722533
What are the prime factors of 181845621?
3, 911, 7393
List the prime factors of 144668020.
2, 5, 7, 1033343
List the prime factors of 712425101.
7417, 96053
List the prime factors of 174609076.
2, 4049, 10781
What are the prime factors of 2066664331?
59, 569, 61561
List the prime factors of 374881740.
2, 3, 5, 43, 145303
What are the prime factors of 572853762?
2, 3, 13, 19, 29, 1481
What are the prime factors of 3943853469?
3, 48689549
What are the prime factors of 54815698?
2, 7, 61, 64187
What are the prime factors of 251440025?
5, 23, 437287
What are the prime factors of 1370144438?
2, 13, 52697863
List the prime factors of 191077176.
2, 3, 37, 107, 2011
What are the prime factors of 115398681?
3, 1259, 30553
List the prime factors of 3529024.
2, 67, 823
What are the prime factors of 2545344309?
3, 11393, 74471
What are the prime factors of 799684815?
3, 5, 23, 2317927
List the prime factors of 229316971.
13, 17639767
List the prime factors of 4006745568.
2, 3, 7, 662491
What are the prime factors of 165424763?
7, 23, 1027483
List the prime factors of 114164816.
2, 31, 337, 683
What are the prime factors of 1315957769?
7, 1907, 14083
What are the prime factors of 224011202?
2, 112005601
List the prime factors of 5464356.
2, 3, 103, 4421
What are the prime factors of 141882631?
11, 191, 67531
List the prime factors of 20931659.
7, 2990237
List the prime factors of 38421333.
3, 4269037
What are the prime factors of 2147706053?
13177, 162989
What are the prime factors of 199804979?
11, 23, 167, 4729
List the prime factors of 1828441219.
11, 166221929
What are the prime factors of 109819798?
2, 11, 379, 13171
What are the prime factors of 4254490933?
7, 11, 31, 61, 479
List the prime factors of 11625064.
2, 11, 132103
List the prime factors of 4437276308.
2, 173, 6412249
List the prime factors of 4135666469.
11, 375969679
List the prime factors of 948052008.
2, 3, 13167389
List the prime factors of 2613481691.
31, 84305861
What are the prime factors of 168537911?
47, 3585913
List the prime factors of 3530305828.
2, 7, 59, 2136989
What are the prime factors of 286899237?
3, 31877693
List the prime factors of 2400340.
2, 5, 120017
What are the prime factors of 85516001?
17, 23, 218711
What are the prime factors of 254710134?
2, 3, 7, 317, 911
What are the prime factors of 41687532?
2, 3, 1157987
List the prime factors of 204240153.
3, 13, 43, 121789
List the prime factors of 4214801090.
2, 5, 43, 139, 151, 467
What are the prime factors of 6869127?
3, 19, 120511
List the prime factors of 1002737609.
1002737609
List the prime factors of 35225913.
3, 739, 15889
List the prime factors of 9572887.
17, 229, 2459
What are the prime factors of 39242912?
2, 1226341
List the prime factors of 1168938816.
2, 3, 67, 89, 1021
What are the prime factors of 1522114622?
2, 7, 108722473
List the prime factors of 5824643.
11, 529513
What are the prime factors of 5421492728?
2, 677686591
What are the prime factors of 1522950610?
2, 5, 17, 661, 13553
List the prime factors of 1592137610.
2, 5, 7, 22744823
What are the prime factors of 353554713?
3, 4364873
List the prime factors of 410428211.
367, 599, 1867
What are the prime factors of 516347394?
2, 3, 86057899
What are the prime factors of 1642483975?
5, 11, 19, 314351
What are the prime factors of 584231?
19, 97, 317
What are the prime factors of 3392475547?
3392475547
List the prime factors of 1178171320.
2, 5, 23, 89, 14389
List the prime factors of 72644622.
2, 3, 12107437
What are the prime factors of 104319425?
5, 7, 191, 3121
What are the prime factors of 446260724?
2, 7, 13, 94307
What are the prime factors of 391300910?
2, 5, 7, 11, 13, 31, 97
What are the prime factors of 2827130247?
3, 1879, 167177
List the prime factors of 46002297.
3, 11, 1394009
List the prime factors of 65549784.
2, 3, 2731241
List the prime factors of 49483020.
2, 3, 5, 631, 1307
What are the prime factors of 613237258?
2, 1949, 157321
What are the prime factors of 3300101729?
73, 5471, 8263
What are the prime factors of 55646118?
2, 3, 11, 463, 607
List the prime factors of 350106086.
2, 11, 43, 370091
List the prime factors of 290714478.
2, 3, 19, 773, 3299
List the prime factor